s 1 + 100?
101
In base 11, what is -10 + -48?
-58
In base 9, what is -4 + -134?
-138
In base 6, what is -2435 + -4?
-2443
In base 15, what is 1 - -400?
401
In base 15, what is -5 + -c34?
-c39
In base 11, what is 2 + -32?
-30
In base 12, what is -198 + -6?
-1a2
In base 7, what is -345 + -10?
-355
In base 13, what is -3 + -259?
-25c
In base 7, what is -1 - 20?
-21
In base 3, what is 11 + -12020?
-12002
In base 7, what is -3 + -5?
-11
In base 10, what is -104 - -5?
-99
In base 14, what is 4 - 64?
-60
In base 2, what is 10010 - 10?
10000
In base 3, what is 2 + -11110?
-11101
In base 8, what is 1550 + 5?
1555
In base 2, what is 100 + 0?
100
In base 14, what is -4 + -3?
-7
In base 13, what is -8 + -11?
-19
In base 7, what is 343 - 1?
342
In base 3, what is 2 - 111102?
-111100
In base 13, what is -2ac - 1?
-2b0
In base 4, what is -2 - 3122?
-3130
In base 16, what is -665 + -5?
-66a
In base 11, what is -3 - -109?
106
In base 10, what is -108 + -2?
-110
In base 14, what is 4 - 27dd?
-27d9
In base 12, what is -1 + -29?
-2a
In base 2, what is -1000011010 + -101?
-1000011111
In base 11, what is 0 + -13a?
-13a
In base 13, what is 5 - 1ca?
-1c5
In base 2, what is 11100111 - 111101?
10101010
In base 8, what is 3 - -1310?
1313
In base 10, what is 5 + -641?
-636
In base 13, what is 4 - 478?
-474
In base 6, what is -514352 - 2?
-514354
In base 10, what is -1490 - 5?
-1495
In base 4, what is -10 - -3021?
3011
In base 11, what is 3 - 27?
-24
In base 10, what is 271 + 11?
282
In base 15, what is -2 + -55b?
-55d
In base 11, what is 2 - 100?
-a9
In base 8, what is 53 - 0?
53
In base 5, what is 4 - 2240?
-2231
In base 9, what is -2 + 6721?
6718
In base 8, what is 127 + 35?
164
In base 14, what is 3 + -62?
-5d
In base 13, what is 3 + 3?
6
In base 9, what is -14 + -6?
-21
In base 3, what is -12111 - -1?
-12110
In base 2, what is -1000 - 1110?
-10110
In base 7, what is -5 + 3?
-2
In base 5, what is -2002 - 2?
-2004
In base 15, what is -22e + 0?
-22e
In base 2, what is 0 - -101100100010?
101100100010
In base 5, what is -3444 + -2?
-4001
In base 13, what is -5 - 2?
-7
In base 4, what is -22132 - 3?
-22201
In base 14, what is -24 - 0?
-24
In base 8, what is 137 + 40?
177
In base 5, what is 2331 + -3?
2323
In base 13, what is 78 + 5?
80
In base 3, what is 202 + 122?
1101
In base 15, what is -4 - -216?
212
In base 16, what is 6a - f?
5b
In base 4, what is -23 + -31?
-120
In base 12, what is -4 - 151?
-155
In base 4, what is 3 - -300?
303
In base 9, what is 285 + 16?
312
In base 14, what is 67 - b?
5a
In base 3, what is -121112 + 1?
-121111
In base 9, what is -1 + 25?
24
In base 14, what is -40c0 + 2?
-40bc
In base 11, what is 1 + 22a9?
22aa
In base 10, what is -6 + -1066?
-1072
In base 7, what is 1 + -55?
-54
In base 13, what is -20a + 1?
-209
In base 4, what is -30 - 102?
-132
In base 14, what is 3 - 4?
-1
In base 2, what is 11111 - 101000?
-1001
In base 7, what is 1 - 5?
-4
In base 13, what is -1 + -88?
-89
In base 2, what is -110 + 100011?
11101
In base 6, what is 4 - 3512?
-3504
In base 12, what is 25b + -7?
254
In base 13, what is -21 + 18?
-6
In base 16, what is 5 + -56?
-51
In base 4, what is 32 - 1?
31
In base 9, what is -4 - 1434?
-1438
In base 12, what is 20 - -b?
2b
In base 8, what is 21 + 0?
21
In base 8, what is 244 + -3?
241
In base 12, what is 3 + 4a3?
4a6
In base 12, what is -80 + 1?
-7b
In base 12, what is 3 - -6?
9
In base 6, what is -5021 - -5?
-5012
In base 8, what is 2 + 55?
57
In base 8, what is 2 - -21?
23
In base 10, what is -150 - 0?
-150
In base 12, what is a0 + 1?
a1
In base 3, what is 1110000 - -11?
1110011
In base 5, what is -2 - 1123?
-1130
In base 12, what is 3628 + -4?
3624
In base 10, what is -27 + -21?
-48
In base 12, what is -2a + 32?
4
In base 13, what is -24 + -3?
-27
In base 10, what is -962 - -4?
-958
In base 15, what is 3c + -2?
3a
In base 6, what is 31 + -2453?
-2422
In base 5, what is -3 + -4123?
-4131
In base 15, what is -7 + -13d?
-145
In base 4, what is 13233 - -1?
13300
In base 4, what is -2 + 213?
211
In base 13, what is 7 - -123?
12a
In base 11, what is -9 + 19?
10
In base 5, what is -2 - -20300?
20243
In base 2, what is -111 - 101101101?
-101110100
In base 16, what is 6 + 14?
1a
In base 10, what is 19 + 0?
19
In base 10, what is 92 - 1?
91
In base 4, what is -3001 - -11?
-2330
In base 11, what is 2 + -144?
-142
In base 12, what is 8b - -5?
94
In base 5, what is -431 - -13?
-413
In base 8, what is -5262 - 2?
-5264
In base 9, what is -2 + 4606?
4604
In base 7, what is -6136 - -3?
-6133
In base 8, what is -1 - -630?
627
In base 8, what is 5 - -52?
57
In base 14, what is -5c + cc?
70
In base 2, what is -1 + -1111110?
-1111111
In base 12, what is 3 - -34?
37
In base 8, what is -727 + 10?
-717
In base 6, what is 4 + 4040?
4044
In base 10, what is 1 - 473?
-472
In base 9, what is 4 + -56?
-52
In base 13, what is 45a - 0?
45a
In base 16, what is 2a + -1?
29
In base 7, what is 6 - -36?
45
In base 16, what is 538 - -4?
53c
In base 15, what is 2 + 6b?
6d
In base 3, what is 21221210 - 12?
21221121
In base 13, what is -91 - ca?
-18b
In base 16, what is e - -2?
10
In base 8, what is -4 + 51?
45
In base 16, what is 13 - -b?
1e
In base 5, what is -1 - 402?
-403
In base 5, what is 31340 + -4?
31331
In base 11, what is -1440 - -1?
-143a
In base 16, what is -1fe7 - -1?
-1fe6
In base 8, what is 22151 - 1?
22150
In base 5, what is 434 - 2?
432
In base 4, what is -3 - 2031?
-2100
In base 4, what is 203 - -2?
211
In base 12, what is -2b + 7?
-24
In base 6, what is 1231 + 143?
1414
In base 14, what is d6 - -51?
147
In base 14, what is 18b - -5?
192
In base 8, what is -461 - 2?
-463
In base 7, what is 541 - 10?
531
In base 7, what is 201100 + 0?
201100
In base 4, what is -2301 - -1002?
-1233
In base 7, what is 5316 + 2?
5321
In base 6, what is 12 - -20?
32
In base 11, what is -683 + -1?
-684
In base 15, what is c + d?
1a
In base 9, what is 201 - 2?
188
In base 6, what is -14 + 414?
400
In base 10, what is 0 - -11?
11
In base 4, what is 10 - 1010?
-1000
In base 12, what is 106 - -3?
109
In base 12, what is 5 + 205?
20a
In base 11, what is -7 - -448?
441
In base 4, what is -11 - -12030?
12013
In base 6, what is 42 + 10?
52
In base 11, what is -2aa9 + 1?
-2aa8
In base 7, what is 5 + -23?
-15
In base 4, what is -10330 - -10?
-10320
In base 4, what is -100 + -23?
-123
In base 8, what is -14 - -14?
0
In base 8, what is 152 - 17?
133
In base 16, what is 0 - -34d?
34d
In base 2, what is 101 - -101111100010?
101111100111
In base 8, what is 4 + -2033?
-2027
In base 7, what is 633 - 1?
632
In base 9, what is 0 + 1?
1
In base 8, what is 11555 + -3?
11552
In base 15, what is 1 + 220a?
220b
In base 6, what is -114 + -1523?
-2041
In base 9, what is -2 - 3507?
-3510
In base 7, what is 4 - 46?
-42
In base 16, what is 203c + -2?
203a
In base 13, what is -20 + 296?
276
In base 11, what is -61 + 7?
-55
In base 3, what is 0 + -1011?
-1011
In base 10, what is 97 + 6?
103
In base 8, what is -36 - -301?
243
In base 6, what is 4 - -110?
114
In base 14, what is -5 + 26?
21
In base 14, what is -74 + 2?
-72
In base 12, what is -3 - 16?
-19
In base 5, what is 2141 + 0?
2141
In base 8, what is -4461 + 6?
-4453
In base 7, what is 2 + -1022?
-1020
In base 2, what is 11 + -1111110011?
-1111110000
In base 15, what is 19a + -5?
195
In base 11, what is 4 - -6?
a
In base 5, what is 0 - -4202?
4202
In base 10, what is 5 - 123?
-118
In base 15, what is 322 - -5?
327
In base 14, what is 7 - -8c9?
8d2
In base 8, what is -3 + 0?
-3
In base 10, what is -10 + 16?
6
In base 3, what is 1110 - -1222?
10102
In base 14, what is -43 + 1?
-42
In base 4, what is -12031 + 13?
-12012
In base 15, what is 7 + 70e?
716
In base 2, what is -110 - -111010?
110100
In base 15, what is -16 + -b?
-22
In base 16, what is 19f3 + 3?
19f6
In base 16, what is 7 - 15?
-e
In base 10, what is 3 - -5?
8
In base 2, what is 10001 - 110?
1011
In base 7, what is 41 - 11?
30
In base 5, what is 1202 + -10?
1142
In base 12, what is 175 + 5?
17a
In base 4, what is 11 - 21120?
-21103
In base 10, what is 10 + 2456?
2466
In base 13, what is 11 - -21?
32
In base 11, what is -350 + 1?
-34a
In base 13, what is -a4 + -b?
-b2
In base 10, what is 2960 + -5?
2955
In base 5, what is 10 + -12242?
-12232
In base 13, what is 2 - -214?
216
